prime factors of 494239606?
2, 7, 17, 89, 23333
What are the prime factors of 263632068?
2, 3, 7, 19, 55061
List the prime factors of 361896504.
2, 3, 41, 367781
What are the prime factors of 21446256?
2, 3, 13, 34369
What are the prime factors of 271404242?
2, 135702121
List the prime factors of 667703216.
2, 41731451
List the prime factors of 235305421.
13, 1567, 11551
List the prime factors of 1397931897.
3, 19, 197, 124493
List the prime factors of 4656424232.
2, 47, 12384107
What are the prime factors of 9041915480?
2, 5, 13, 23, 211, 3583
List the prime factors of 50214938.
2, 25107469
What are the prime factors of 54439124?
2, 151, 193, 467
List the prime factors of 193220583.
3, 64406861
What are the prime factors of 181172115?
3, 5, 43, 93629
What are the prime factors of 31830761?
89, 357649
What are the prime factors of 15564421?
15564421
List the prime factors of 52186878.
2, 3, 2899271
What are the prime factors of 168854780?
2, 5, 283, 29833
List the prime factors of 129608037.
3, 13, 739, 1499
List the prime factors of 299147253.
3, 1289, 77359
List the prime factors of 666731834.
2, 443, 752519
List the prime factors of 3793131.
3, 421459
What are the prime factors of 18567656?
2, 29, 163, 491
What are the prime factors of 4755361384?
2, 41, 61, 237673
What are the prime factors of 152025802?
2, 19, 4000679
List the prime factors of 981544424.
2, 7, 17527579
List the prime factors of 1343745331.
17, 79043843
What are the prime factors of 567890258?
2, 13, 67, 325999
List the prime factors of 3354053514.
2, 3, 7, 79858417
List the prime factors of 1822360756.
2, 19, 911, 26321
List the prime factors of 282699086.
2, 17, 8314679
List the prime factors of 50730397.
17, 2984141
List the prime factors of 605078345.
5, 359, 337091
List the prime factors of 2947599882.
2, 3, 3581, 5081
List the prime factors of 254363518.
2, 4127, 30817
What are the prime factors of 46309164?
2, 3, 11, 31, 11317
What are the prime factors of 1814530326?
2, 3, 7, 17, 157, 16187
List the prime factors of 225890299.
67, 3371497
What are the prime factors of 88740473?
88740473
What are the prime factors of 4965398328?
2, 3, 11, 29, 648563
What are the prime factors of 128540171?
128540171
What are the prime factors of 2376417?
3, 281, 2819
List the prime factors of 68483591.
11, 6225781
What are the prime factors of 168571193?
7, 131, 183829
What are the prime factors of 426414945?
3, 5, 11, 53, 48761
What are the prime factors of 1934515932?
2, 3, 19, 1493, 5683
What are the prime factors of 207625322?
2, 179, 503, 1153
List the prime factors of 502622942.
2, 251311471
List the prime factors of 314323288.
2, 37, 1061903
List the prime factors of 233327918.
2, 89, 151, 8681
List the prime factors of 600461983.
11, 54587453
List the prime factors of 2989212265.
5, 13, 29, 311, 5099
What are the prime factors of 3510112709?
14281, 245789
What are the prime factors of 2341675655?
5, 11, 23, 1851127
List the prime factors of 59444544.
2, 3, 67, 4621
What are the prime factors of 54164848?
2, 3385303
List the prime factors of 3987129455.
5, 797425891
List the prime factors of 180812767.
29, 6234923
What are the prime factors of 1842047932?
2, 43, 2843, 3767
What are the prime factors of 944866421?
944866421
What are the prime factors of 1949053801?
19, 5399041
List the prime factors of 171087144.
2, 3, 47, 151673
List the prime factors of 4793300.
2, 5, 47933
What are the prime factors of 4676505?
3, 5, 31, 89, 113
List the prime factors of 658864645.
5, 131772929
What are the prime factors of 572975249?
7, 11, 7441237
What are the prime factors of 409336031?
13, 67, 233, 2017
What are the prime factors of 559391865?
3, 5, 37292791
List the prime factors of 132896601.
3, 653, 22613
What are the prime factors of 1308243624?
2, 3, 54510151
What are the prime factors of 11909177?
7, 31, 54881
List the prime factors of 7728896.
2, 7, 19, 227
What are the prime factors of 112060450?
2, 5, 2241209
List the prime factors of 738912895.
5, 7, 29, 83, 179
What are the prime factors of 62757595?
5, 29, 443, 977
What are the prime factors of 135021024?
2, 3, 379, 1237
What are the prime factors of 923349982?
2, 461674991
List the prime factors of 336442911.
3, 7, 73, 219467
List the prime factors of 228213428.
2, 359, 158923
List the prime factors of 1750478210.
2, 5, 13, 13465217
What are the prime factors of 633415434?
2, 3, 353, 299063
What are the prime factors of 33107851?
7, 4729693
What are the prime factors of 62465384?
2, 7808173
List the prime factors of 117783795.
3, 5, 7852253
What are the prime factors of 1303121987?
1303121987
List the prime factors of 111419244.
2, 3, 97, 31907
What are the prime factors of 790619330?
2, 5, 37, 149, 14341
List the prime factors of 5958014624.
2, 263, 707939
List the prime factors of 60619892.
2, 17, 173, 5153
List the prime factors of 23860338.
2, 3, 23, 37, 4673
List the prime factors of 302658539.
302658539
What are the prime factors of 15533761?
15533761
What are the prime factors of 42110626?
2, 1283, 16411
What are the prime factors of 240751057?
41, 2083, 2819
What are the prime factors of 8565310?
2, 5, 13, 41, 1607
What are the prime factors of 596853483?
3, 179, 853, 1303
List the prime factors of 28410752.
2, 173, 1283
What are the prime factors of 1514098990?
2, 5, 29, 79, 66089
List the prime factors of 945944210.
2, 5, 41, 2307181
List the prime factors of 472696522.
2, 236348261
List the prime factors of 100057314.
2, 3, 7, 23, 14797
What are the prime factors of 14907285?
3, 5, 257, 1289
List the prime factors of 34413134.
2, 7, 17, 144593
What are the prime factors of 3986045524?
2, 1153, 864277
List the prime factors of 1821949130.
2, 5, 43, 211, 467
What are the prime factors of 574317722?
2, 11, 47, 71, 7823
List the prime factors of 31864999.
67, 475597
List the prime factors of 3872558488.
2, 484069811
What are the prime factors of 143683866?
2, 3, 311, 25667
What are the prime factors of 1777924514?
2, 5009, 177473
What are the prime factors of 575412584?
2, 43, 431, 3881
What are the prime factors of 61647956?
2, 15411989
List the prime factors of 4094612637.
3, 1364870879
What are the prime factors of 205680764?
2, 41, 1254151
What are the prime factors of 11408495?
5, 7, 325957
List the prime factors of 1285741104.
2, 3, 107, 139, 1801
List the prime factors of 1350858458.
2, 157, 4302097
List the prime factors of 53014414.
2, 37, 716411
List the prime factors of 84992410.
2, 5, 1297, 6553
What are the prime factors of 3317225829?
3, 1105741943
List the prime factors of 40386511.
11, 3671501
List the prime factors of 397405285.
5, 79481057
List the prime factors of 8478415465.
5, 13, 97, 383, 3511
List the prime factors of 2780737479.
3, 13, 31, 37, 6907
What are the prime factors of 2106463997?
11, 71, 2697137
What are the prime factors of 31089466?
2, 31, 47, 227
List the prime factors of 25295118.
2, 3, 19, 47, 4721
What are the prime factors of 2963615986?
2, 43, 34460651
What are the prime factors of 198150076?
2, 131, 378149
What are the prime factors of 2725930401?
3, 908643467
What are the prime factors of 37615154?
2, 18807577
List the prime factors of 1449103578.
2, 3, 13, 163, 293, 389
What are the prime factors of 317098160?
2, 5, 241, 16447
List the prime factors of 103107484.
2, 25776871
List the prime factors of 9303390.
2, 3, 5, 34457
What are the prime factors of 569094946?
2, 7, 2699, 15061
List the prime factors of 217235469.
3, 11, 17, 593, 653
List the prime factors of 173335750.
2, 5, 7, 37, 2677
What are the prime factors of 192165563?
19, 47, 215191
What are the prime factors of 104596514?
2, 11, 67, 6451
List the prime factors of 397794880.
2, 5, 7, 257, 691
What are the prime factors of 212579355?
3, 5, 47, 301531
List the prime factors of 98654869.
98654869
What are the prime factors of 493302114?
2, 3, 23, 1191551
What are the prime factors of 1389740371?
14629, 94999
What are the prime factors of 7047165224?
2, 11, 23, 3481801
What are the prime factors of 1116423723?
3, 372141241
List the prime factors of 3927189034.
2, 59, 167, 199289
List the prime factors of 4847569294.
2, 19, 397, 321329
What are the prime factors of 138289201?
19, 7278379
List the prime factor